301894?
2
What is the greatest common divisor of 216482 and 5096?
98
What is the greatest common divisor of 141728 and 1278848?
3296
Calculate the greatest common factor of 59839 and 51987.
13
What is the highest common divisor of 3204658 and 106168?
1154
What is the greatest common divisor of 1292 and 11337946?
646
What is the greatest common divisor of 392 and 218934107?
49
Calculate the greatest common divisor of 41021578 and 689.
13
Calculate the highest common factor of 712 and 38111224.
712
What is the greatest common divisor of 879 and 9935923?
293
Calculate the highest common factor of 10515 and 26064582.
2103
Calculate the greatest common divisor of 67254 and 92.
2
Calculate the highest common divisor of 151851 and 303.
3
What is the highest common divisor of 20098514 and 534?
178
Calculate the greatest common divisor of 254 and 593898.
2
What is the highest common factor of 27 and 2833072821?
27
Calculate the highest common divisor of 2181526 and 4142.
218
What is the highest common factor of 37 and 29480083?
37
Calculate the greatest common factor of 1005 and 304462941.
201
Calculate the highest common factor of 45752 and 6134681.
301
What is the highest common factor of 294872400 and 540?
540
Calculate the greatest common divisor of 4942540 and 22.
2
What is the highest common divisor of 474922 and 2422?
14
Calculate the highest common factor of 1825805 and 6631.
19
Calculate the highest common divisor of 1819809 and 243.
9
What is the greatest common divisor of 41301347 and 1?
1
Calculate the highest common divisor of 14 and 25101300.
14
Calculate the highest common divisor of 13063967 and 49.
7
Calculate the highest common divisor of 322616 and 6664.
392
Calculate the greatest common divisor of 3324 and 6531937.
277
What is the highest common divisor of 94528840 and 16184?
952
What is the highest common divisor of 1263818 and 17582?
298
What is the highest common divisor of 3218825 and 195?
5
Calculate the greatest common factor of 594481720 and 147.
49
Calculate the greatest common factor of 1027 and 88488058.
79
What is the greatest common divisor of 144584 and 185924?
212
Calculate the greatest common factor of 6882459 and 28459.
149
What is the highest common divisor of 28 and 1434986?
14
Calculate the highest common factor of 1119683 and 1115.
223
What is the highest common factor of 712 and 23185212?
356
Calculate the greatest common divisor of 26142685 and 6398.
457
What is the highest common divisor of 662202 and 222?
6
Calculate the highest common factor of 2711705 and 15.
5
What is the greatest common divisor of 62250 and 2370?
30
What is the greatest common factor of 56751567 and 447?
447
Calculate the greatest common divisor of 265588103 and 121.
121
Calculate the highest common divisor of 69 and 6117.
3
What is the highest common factor of 21 and 102372459?
21
Calculate the greatest common factor of 218341420 and 660.
220
Calculate the highest common divisor of 506 and 13790194.
22
What is the highest common factor of 200 and 1709?
1
What is the highest common factor of 80 and 5425?
5
Calculate the greatest common factor of 810479 and 753.
251
What is the highest common divisor of 11660382 and 2172?
1086
Calculate the greatest common divisor of 180550 and 46134450.
7850
What is the highest common divisor of 529644 and 627008?
404
What is the highest common factor of 386382 and 5822?
142
Calculate the highest common divisor of 3944 and 348806.
34
Calculate the greatest common divisor of 1049996 and 184529.
2599
Calculate the highest common divisor of 1314 and 78012910.
146
Calculate the greatest common factor of 210023 and 836.
11
Calculate the greatest common factor of 2847 and 79527279.
39
What is the highest common divisor of 643 and 171210967?
643
What is the highest common divisor of 3146 and 36075182?
3146
What is the greatest common divisor of 69052186 and 426?
142
Calculate the highest common factor of 65261104 and 1552.
16
What is the highest common divisor of 139970938 and 4112?
514
Calculate the greatest common divisor of 39116905 and 184.
23
Calculate the greatest common factor of 1913300 and 31800.
5300
What is the greatest common divisor of 4718 and 146951546?
4718
Calculate the greatest common factor of 568573 and 18992.
1187
Calculate the greatest common factor of 286 and 6810518.
286
What is the highest common divisor of 330 and 1269015?
165
What is the greatest common divisor of 354979640 and 1640?
1640
What is the greatest common factor of 44942 and 1472?
46
What is the highest common factor of 7272417 and 145?
29
What is the greatest common divisor of 11025 and 32011875?
1575
Calculate the greatest common divisor of 2967416 and 11726.
82
Calculate the greatest common factor of 74981 and 12998.
97
What is the highest common factor of 1416973798 and 254?
254
What is the highest common factor of 72130 and 63390?
10
What is the highest common factor of 2457600 and 988800?
9600
What is the highest common factor of 102709 and 14331127?
379
What is the greatest common factor of 2252362 and 854?
14
What is the greatest common factor of 10816 and 12637820?
676
Calculate the highest common divisor of 11235 and 8235885.
105
What is the highest common factor of 1324 and 223663982?
662
Calculate the greatest common divisor of 384993 and 5626.
97
What is the highest common factor of 969434 and 346?
2
What is the greatest common factor of 183338 and 238844?
1682
Calculate the greatest common factor of 1406715 and 10244715.
7365
What is the greatest common factor of 4320 and 1514340?
180
Calculate the greatest common factor of 307821000 and 120.
120
What is the highest common divisor of 51367 and 548467?
1657
What is the highest common divisor of 235 and 406832?
47
Calculate the highest common factor of 44196 and 39063.
87
What is the highest common divisor of 12847366 and 70?
14
Calculate the greatest common divisor of 93617 and 124997.
523
What is the greatest common divisor of 1463031 and 1503?
9
Calculate the highest common factor of 6588546 and 1032.
258
What is the highest common factor of 6480 and 7956240?
240
Calculate the greatest common divisor of 478657340 and 350.
70
Calculate the highest common divisor of 1372 and 781228.
28
What is the highest common factor of 229040 and 137420?
20
Calculate the highest common divisor of 649600 and 333616.
464
What is the highest common factor of 21413 and 1099055?
437
What is the greatest common divisor of 9119349 and 36?
9
Calculate the highest common factor of 386216 and 920.
184
Calculate the greatest common factor of 2760 and 1295160.
120
Calculate the highest common divisor of 6490 and 317568680.
6490
What is the greatest common divisor of 1198575 and 7?
7
What is the highest common factor of 1481398688 and 133?
133
Calculate the greatest common factor of 12681 and 315.
9
Calculate the greatest common factor of 340 and 217180.
20
Calculate the highest common divisor of 16602565 and 15.
5
Calculate the greatest common factor of 1302 and 52507924.
434
What is the greatest common divisor of 112416 and 37344?
96
What is the greatest common factor of 200 and 15240980?
20
What is the highest common divisor of 4494 and 5975382?
42
What is the greatest common factor of 5944134 and 156?
6
What is the greatest common divisor of 150 and 1310790?
30
Calculate the highest common factor of 14322 and 1938090.
462
What is the greatest common factor of 8486924 and 402508?
8564
What is the highest common divisor of 75290495 and 91?
7
What is the greatest common factor of 557179316 and 284?
284
Calculate the greatest common factor of 32816482 and 16810.
3362
Calculate the greatest common divisor of 351 and 183989.
13
Calculate the greatest common factor of 1088955 and 3150.
315
Calculate the greatest common factor of 5641 and 145797286.
5641
Calculate the greatest common factor of 10944 and 131499.
171
Calculate the greatest common factor of 14725 and 1448275.
475
Calculate the highest common divisor of 12 and 4090626.
6
What is the greatest common divisor of 2024 and 24775784?
2024
What is the highest common factor of 28 and 184813636?
28
What is the greatest common divisor of 306 and 95560281?
153
What is the highest common divisor of 9538 and 2876?
2
Calculate the greates